[Wed Jan 28 09:32:35.005863 2026] [authz_core:error] [pid 3560:tid 792] [client 40.77.167.32:22837] AH01630: client denied by server configuration: C:/laragon/www/prensa/wp-includes/revisions.php
[Wed Jan 28 09:55:08.891712 2026] [authz_core:error] [pid 3560:tid 1152] [client 52.167.144.188:27691] AH01630: client denied by server configuration: C:/laragon/www/prensa/wp-includes/revisions.php
[Wed Jan 28 10:09:32.080060 2026] [authz_core:error] [pid 3560:tid 1160] [client 52.167.144.142:46226] AH01630: client denied by server configuration: C:/laragon/www/prensa/wp-includes/revisions.php
[Wed Jan 28 10:16:57.538175 2026] [authz_core:error] [pid 3560:tid 1160] [client 40.77.167.4:7581] AH01630: client denied by server configuration: C:/laragon/www/prensa/wp-includes/revisions.php
[Wed Jan 28 10:28:40.560927 2026] [authz_core:error] [pid 3560:tid 1160] [client 52.167.144.210:9954] AH01630: client denied by server configuration: C:/laragon/www/prensa/wp-includes/revisions.php
[Wed Jan 28 10:34:00.860841 2026] [authz_core:error] [pid 3560:tid 804] [client 52.167.144.194:26765] AH01630: client denied by server configuration: C:/laragon/www/prensa/wp-includes/revisions.php
[Wed Jan 28 10:36:21.218597 2026] [authz_core:error] [pid 3560:tid 884] [client 40.77.167.26:10025] AH01630: client denied by server configuration: C:/laragon/www/prensa/wp-includes/revisions.php
[Wed Jan 28 10:39:44.905241 2026] [authz_core:error] [pid 3560:tid 1152] [client 40.77.167.26:10027] AH01630: client denied by server configuration: C:/laragon/www/prensa/wp-includes/revisions.php
[Wed Jan 28 11:02:23.133826 2026] [authz_core:error] [pid 3560:tid 820] [client 52.167.144.206:60750] AH01630: client denied by server configuration: C:/laragon/www/prensa/wp-includes/revisions.php
[Wed Jan 28 11:06:06.722062 2026] [authz_core:error] [pid 3560:tid 1048] [client 40.77.167.241:49984] AH01630: client denied by server configuration: C:/laragon/www/prensa/wp-includes/revisions.php
[Wed Jan 28 11:12:25.976931 2026] [authz_core:error] [pid 3560:tid 1088] [client 40.77.167.41:52430] AH01630: client denied by server configuration: C:/laragon/www/prensa/wp-includes/revisions.php
[Wed Jan 28 11:19:24.488247 2026] [authz_core:error] [pid 3560:tid 1088] [client 40.77.167.41:52468] AH01630: client denied by server configuration: C:/laragon/www/prensa/wp-includes/revisions.php
[Wed Jan 28 11:23:48.145174 2026] [authz_core:error] [pid 3560:tid 1088] [client 52.167.144.179:20954] AH01630: client denied by server configuration: C:/laragon/www/prensa/wp-includes/revisions.php
[Wed Jan 28 11:25:44.727230 2026] [php:error] [pid 3560:tid 820] [client 190.129.102.195:52121] script 'C:/laragon/www/unidades/fetch_data.php' not found or unable to stat, referer: http://www.quillacollo.gob.bo/unidades/index-Agricola.html
[Wed Jan 28 11:28:12.614471 2026] [php:error] [pid 3560:tid 1008] [client 40.77.167.65:20126] script 'C:/laragon/www/unidades/fetch_data.php' not found or unable to stat
[Wed Jan 28 11:32:09.012205 2026] [authz_core:error] [pid 3560:tid 1160] [client 40.77.167.58:56399] AH01630: client denied by server configuration: C:/laragon/www/prensa/wp-includes/revisions.php
[Wed Jan 28 11:42:12.198950 2026] [authz_core:error] [pid 3560:tid 804] [client 40.77.167.36:11559] AH01630: client denied by server configuration: C:/laragon/www/prensa/wp-includes/revisions.php
[Wed Jan 28 11:48:39.842513 2026] [authz_core:error] [pid 3560:tid 1160] [client 52.167.144.136:17643] AH01630: client denied by server configuration: C:/laragon/www/prensa/wp-includes/revisions.php
[Wed Jan 28 12:13:52.908352 2026] [authz_core:error] [pid 3560:tid 1076] [client 52.167.144.18:20128] AH01630: client denied by server configuration: C:/laragon/www/prensa/wp-includes/revisions.php
[Wed Jan 28 12:24:05.592906 2026] [authz_core:error] [pid 3560:tid 696] [client 52.167.144.18:62513] AH01630: client denied by server configuration: C:/laragon/www/prensa/wp-includes/revisions.php
[Wed Jan 28 12:28:49.760677 2026] [cgi:error] [pid 3560:tid 1048] [client 91.224.92.115:56424] AH02811: script not found or unable to stat: C:/laragon/bin/apache/httpd-2.4.54-win64-VS16/cgi-bin/luci
[Wed Jan 28 12:40:59.886460 2026] [authz_core:error] [pid 3560:tid 1152] [client 40.77.167.116:7199] AH01630: client denied by server configuration: C:/laragon/www/prensa/wp-includes/revisions.php
[Wed Jan 28 12:44:05.889747 2026] [authz_core:error] [pid 3560:tid 696] [client 40.77.167.116:13634] AH01630: client denied by server configuration: C:/laragon/www/prensa/wp-includes/revisions.php
[Wed Jan 28 12:55:27.417538 2026] [authz_core:error] [pid 3560:tid 1112] [client 40.77.167.5:14359] AH01630: client denied by server configuration: C:/laragon/www/prensa/wp-includes/revisions.php
[Wed Jan 28 12:56:35.604681 2026] [authz_core:error] [pid 3560:tid 1112] [client 52.167.144.156:12044] AH01630: client denied by server configuration: C:/laragon/www/prensa/wp-includes/revisions.php
[Wed Jan 28 13:24:36.053158 2026] [authz_core:error] [pid 3560:tid 820] [client 52.167.144.136:63045] AH01630: client denied by server configuration: C:/laragon/www/prensa/wp-includes/revisions.php
[Wed Jan 28 13:27:39.588271 2026] [authz_core:error] [pid 3560:tid 696] [client 52.167.144.202:63235] AH01630: client denied by server configuration: C:/laragon/www/prensa/wp-includes/revisions.php
[Wed Jan 28 13:32:17.101392 2026] [authz_core:error] [pid 3560:tid 1088] [client 52.167.144.136:63083] AH01630: client denied by server configuration: C:/laragon/www/prensa/wp-includes/revisions.php
[Wed Jan 28 13:47:11.563661 2026] [authz_core:error] [pid 3560:tid 1148] [client 52.167.144.187:32683] AH01630: client denied by server configuration: C:/laragon/www/prensa/wp-includes/revisions.php
[Wed Jan 28 13:51:11.413704 2026] [php:error] [pid 3560:tid 716] [client 181.115.166.90:1442] script 'C:/laragon/www/unidades/fetch_data.php' not found or unable to stat, referer: http://www.quillacollo.gob.bo/unidades/index-zoonosis.html
[Wed Jan 28 13:51:45.265139 2026] [php:error] [pid 3560:tid 1136] [client 181.115.166.90:10485] script 'C:/laragon/www/content/horse2/fetch_data.php' not found or unable to stat, referer: http://www.quillacollo.gob.bo/content/horse2/contact.html
[Wed Jan 28 14:14:42.504876 2026] [authz_core:error] [pid 3560:tid 668] [client 40.77.167.123:48233] AH01630: client denied by server configuration: C:/laragon/www/prensa/wp-includes/revisions.php
[Wed Jan 28 14:15:41.272382 2026] [authz_core:error] [pid 3560:tid 668] [client 40.77.167.123:43561] AH01630: client denied by server configuration: C:/laragon/www/prensa/wp-includes/revisions.php
[Wed Jan 28 14:29:05.818213 2026] [authz_core:error] [pid 3560:tid 1008] [client 52.167.144.173:61227] AH01630: client denied by server configuration: C:/laragon/www/prensa/wp-includes/revisions.php
[Wed Jan 28 14:30:59.885237 2026] [authz_core:error] [pid 3560:tid 716] [client 52.167.144.181:22449] AH01630: client denied by server configuration: C:/laragon/www/prensa/wp-includes/revisions.php
[Wed Jan 28 14:41:38.266891 2026] [authz_core:error] [pid 3560:tid 740] [client 40.77.167.68:49627] AH01630: client denied by server configuration: C:/laragon/www/prensa/wp-includes/revisions.php
[Wed Jan 28 15:01:03.400100 2026] [authz_core:error] [pid 3560:tid 1136] [client 52.167.144.233:49995] AH01630: client denied by server configuration: C:/laragon/www/prensa/wp-includes/revisions.php
[Wed Jan 28 15:06:16.264258 2026] [authz_core:error] [pid 3560:tid 1148] [client 40.77.167.30:23307] AH01630: client denied by server configuration: C:/laragon/www/prensa/wp-includes/revisions.php
[Wed Jan 28 15:54:43.961113 2026] [authz_core:error] [pid 3560:tid 1148] [client 52.167.144.163:59923] AH01630: client denied by server configuration: C:/laragon/www/prensa/wp-includes/revisions.php
[Wed Jan 28 15:56:45.885696 2026] [authz_core:error] [pid 3560:tid 1140] [client 52.167.144.192:45775] AH01630: client denied by server configuration: C:/laragon/www/prensa/wp-includes/revisions.php
[Wed Jan 28 15:58:52.606000 2026] [authz_core:error] [pid 3560:tid 1136] [client 52.167.144.192:45774] AH01630: client denied by server configuration: C:/laragon/www/prensa/wp-includes/revisions.php
[Wed Jan 28 16:06:43.151975 2026] [php:error] [pid 3560:tid 1048] [client 103.82.21.232:57686] script 'C:/laragon/www/wp-login.php' not found or unable to stat, referer: https://t.co/
[Wed Jan 28 16:06:43.979908 2026] [php:error] [pid 3560:tid 1148] [client 103.82.21.232:57922] script 'C:/laragon/www/wp-login.php' not found or unable to stat, referer: https://duckduckgo.com/
[Wed Jan 28 16:09:04.384510 2026] [php:error] [pid 3560:tid 1048] [client 178.20.210.148:41606] script 'C:/laragon/www/wp-login.php' not found or unable to stat, referer: https://www.google.com
[Wed Jan 28 16:09:05.602976 2026] [php:error] [pid 3560:tid 1048] [client 178.20.210.148:59478] script 'C:/laragon/www/wp-login.php' not found or unable to stat, referer: https://www.google.com
[Wed Jan 28 16:30:20.990332 2026] [authz_core:error] [pid 3560:tid 1148] [client 40.77.167.235:38283] AH01630: client denied by server configuration: C:/laragon/www/prensa/wp-includes/revisions.php
[Wed Jan 28 16:33:04.530125 2026] [core:error] [pid 3560:tid 740] [client 177.70.2.220:44656] AH10244: invalid URI path (/cgi-bin/.%2e/.%2e/.%2e/.%2e/.%2e/.%2e/.%2e/.%2e/.%2e/.%2e/bin/sh)
[Wed Jan 28 16:36:03.988078 2026] [authz_core:error] [pid 3560:tid 1136] [client 52.167.144.218:41434] AH01630: client denied by server configuration: C:/laragon/www/prensa/wp-includes/revisions.php
[Wed Jan 28 16:38:09.115007 2026] [authz_core:error] [pid 3560:tid 1140] [client 52.167.144.204:1914] AH01630: client denied by server configuration: C:/laragon/www/prensa/wp-includes/revisions.php
[Wed Jan 28 16:51:53.718629 2026] [authz_core:error] [pid 3560:tid 708] [client 52.167.144.206:63246] AH01630: client denied by server configuration: C:/laragon/www/prensa/wp-includes/revisions.php
[Wed Jan 28 17:04:06.843709 2026] [php:error] [pid 3560:tid 1140] [client 35.204.97.131:60850] script 'C:/laragon/www/leyes-municipales.php' not found or unable to stat
[Wed Jan 28 17:08:43.653840 2026] [php:error] [pid 3560:tid 1048] [client 34.91.3.9:39696] script 'C:/laragon/www/gaceta.php' not found or unable to stat
[Wed Jan 28 17:15:57.942691 2026] [authz_core:error] [pid 3560:tid 1140] [client 40.77.167.241:53864] AH01630: client denied by server configuration: C:/laragon/www/prensa/wp-includes/revisions.php
[Wed Jan 28 17:27:18.205154 2026] [authz_core:error] [pid 3560:tid 1136] [client 52.167.144.146:57962] AH01630: client denied by server configuration: C:/laragon/www/prensa/wp-includes/revisions.php
[Wed Jan 28 17:38:18.409819 2026] [authz_core:error] [pid 3560:tid 668] [client 52.167.144.137:9157] AH01630: client denied by server configuration: C:/laragon/www/prensa/wp-includes/revisions.php
[Wed Jan 28 17:52:55.016890 2026] [authz_core:error] [pid 3560:tid 1140] [client 52.167.144.209:53608] AH01630: client denied by server configuration: C:/laragon/www/prensa/wp-includes/revisions.php
[Wed Jan 28 18:05:58.161498 2026] [authz_core:error] [pid 3560:tid 1148] [client 40.77.167.58:56899] AH01630: client denied by server configuration: C:/laragon/www/prensa/wp-includes/revisions.php
[Wed Jan 28 18:11:37.566336 2026] [authz_core:error] [pid 3560:tid 1148] [client 40.77.167.26:52642] AH01630: client denied by server configuration: C:/laragon/www/prensa/wp-includes/revisions.php
[Wed Jan 28 18:12:33.068955 2026] [authz_core:error] [pid 3560:tid 708] [client 52.167.144.136:17644] AH01630: client denied by server configuration: C:/laragon/www/prensa/wp-includes/revisions.php
[Wed Jan 28 18:26:20.828103 2026] [authz_core:error] [pid 3560:tid 884] [client 40.77.167.241:2458] AH01630: client denied by server configuration: C:/laragon/www/prensa/wp-includes/revisions.php
[Wed Jan 28 18:29:14.584260 2026] [authz_core:error] [pid 3560:tid 696] [client 52.167.144.221:40120] AH01630: client denied by server configuration: C:/laragon/www/prensa/wp-includes/revisions.php
[Wed Jan 28 18:29:34.938841 2026] [authz_core:error] [pid 3560:tid 696] [client 52.167.144.221:43165] AH01630: client denied by server configuration: C:/laragon/www/prensa/wp-includes/revisions.php
[Wed Jan 28 18:49:34.235939 2026] [php:error] [pid 3560:tid 1112] [client 52.141.6.155:55173] script 'C:/laragon/www/rip.php' not found or unable to stat
[Wed Jan 28 18:57:41.934159 2026] [authz_core:error] [pid 3560:tid 980] [client 52.167.144.139:28759] AH01630: client denied by server configuration: C:/laragon/www/prensa/wp-includes/revisions.php
[Wed Jan 28 19:00:58.169417 2026] [authz_core:error] [pid 3560:tid 1008] [client 40.77.167.65:15297] AH01630: client denied by server configuration: C:/laragon/www/prensa/wp-includes/revisions.php
[Wed Jan 28 19:10:09.274651 2026] [authz_core:error] [pid 3560:tid 980] [client 52.167.144.19:16984] AH01630: client denied by server configuration: C:/laragon/www/prensa/wp-includes/revisions.php
[Wed Jan 28 20:00:43.094955 2026] [php:error] [pid 3560:tid 1036] [client 35.204.224.139:38726] script 'C:/laragon/www/gaceta.php' not found or unable to stat
[Wed Jan 28 20:25:10.704158 2026] [authz_core:error] [pid 3560:tid 1012] [client 40.77.167.77:22435] AH01630: client denied by server configuration: C:/laragon/www/prensa/wp-includes/revisions.php
[Wed Jan 28 20:29:16.709013 2026] [authz_core:error] [pid 3560:tid 1112] [client 40.77.167.230:56188] AH01630: client denied by server configuration: C:/laragon/www/prensa/wp-includes/revisions.php
[Wed Jan 28 20:36:45.182053 2026] [authz_core:error] [pid 3560:tid 668] [client 40.77.167.241:11040] AH01630: client denied by server configuration: C:/laragon/www/prensa/wp-includes/revisions.php
[Wed Jan 28 20:36:59.584916 2026] [authz_core:error] [pid 3560:tid 1144] [client 52.167.144.173:58075] AH01630: client denied by server configuration: C:/laragon/www/prensa/wp-includes/revisions.php
[Wed Jan 28 20:37:41.278273 2026] [authz_core:error] [pid 3560:tid 1036] [client 52.167.144.25:52378] AH01630: client denied by server configuration: C:/laragon/www/prensa/wp-includes/revisions.php
[Wed Jan 28 20:50:07.884553 2026] [authz_core:error] [pid 3560:tid 1032] [client 40.77.167.79:54912] AH01630: client denied by server configuration: C:/laragon/www/prensa/wp-includes/revisions.php
[Wed Jan 28 21:11:10.073154 2026] [authz_core:error] [pid 3560:tid 716] [client 40.77.167.25:34483] AH01630: client denied by server configuration: C:/laragon/www/prensa/wp-includes/revisions.php
[Wed Jan 28 21:15:01.831343 2026] [php:error] [pid 3560:tid 1012] [client 20.213.25.204:19369] script 'C:/laragon/www/wp-trackback.php' not found or unable to stat
[Wed Jan 28 21:15:02.190629 2026] [php:error] [pid 3560:tid 1012] [client 20.213.25.204:19369] script 'C:/laragon/www/about.php' not found or unable to stat
[Wed Jan 28 21:15:02.534306 2026] [php:error] [pid 3560:tid 1012] [client 20.213.25.204:19369] script 'C:/laragon/www/term.php' not found or unable to stat
[Wed Jan 28 21:15:02.893596 2026] [php:error] [pid 3560:tid 1012] [client 20.213.25.204:19369] script 'C:/laragon/www/wp-good.php' not found or unable to stat
[Wed Jan 28 21:15:03.237265 2026] [php:error] [pid 3560:tid 1012] [client 20.213.25.204:19369] script 'C:/laragon/www/xmlrpc.php' not found or unable to stat
[Wed Jan 28 21:15:03.596557 2026] [php:error] [pid 3560:tid 1012] [client 20.213.25.204:19369] script 'C:/laragon/www/goods.php' not found or unable to stat
[Wed Jan 28 21:15:03.940232 2026] [php:error] [pid 3560:tid 1012] [client 20.213.25.204:19369] script 'C:/laragon/www/ioxi-o.php' not found or unable to stat
[Wed Jan 28 21:15:04.299489 2026] [php:error] [pid 3560:tid 1012] [client 20.213.25.204:19369] script 'C:/laragon/www/class-t.api.php' not found or unable to stat
[Wed Jan 28 21:15:04.643184 2026] [php:error] [pid 3560:tid 1012] [client 20.213.25.204:19369] script 'C:/laragon/www/admin.php' not found or unable to stat
[Wed Jan 28 21:15:07.111351 2026] [php:error] [pid 3560:tid 1012] [client 20.213.25.204:19369] script 'C:/laragon/www/adminfuns.php' not found or unable to stat
[Wed Jan 28 21:22:36.724717 2026] [core:error] [pid 3560:tid 1012] [client 165.90.27.250:50370] AH10244: invalid URI path (/cgi-bin/.%2e/.%2e/.%2e/.%2e/.%2e/.%2e/.%2e/.%2e/.%2e/.%2e/bin/sh)
[Wed Jan 28 21:36:18.297813 2026] [php:error] [pid 3560:tid 820] [client 103.82.21.232:49534] script 'C:/laragon/www/wp-login.php' not found or unable to stat, referer: https://www.bing.com/
[Wed Jan 28 21:36:19.157016 2026] [php:error] [pid 3560:tid 1112] [client 103.82.21.232:50433] script 'C:/laragon/www/wp-login.php' not found or unable to stat, referer: https://www.google.com/
[Wed Jan 28 21:39:52.731959 2026] [authz_core:error] [pid 3560:tid 1012] [client 40.77.167.61:48353] AH01630: client denied by server configuration: C:/laragon/www/prensa/wp-includes/revisions.php
[Wed Jan 28 21:54:32.057155 2026] [php:error] [pid 3560:tid 1088] [client 209.38.28.33:39978] script 'C:/laragon/www/alive.php' not found or unable to stat
[Wed Jan 28 21:58:58.635317 2026] [authz_core:error] [pid 3560:tid 740] [client 52.167.144.232:13311] AH01630: client denied by server configuration: C:/laragon/www/prensa/wp-includes/revisions.php
[Wed Jan 28 22:01:49.095365 2026] [authz_core:error] [pid 3560:tid 832] [client 52.167.144.232:13303] AH01630: client denied by server configuration: C:/laragon/www/prensa/wp-includes/revisions.php
[Wed Jan 28 22:02:19.307045 2026] [authz_core:error] [pid 3560:tid 1148] [client 52.167.144.232:13255] AH01630: client denied by server configuration: C:/laragon/www/prensa/wp-includes/revisions.php
[Wed Jan 28 22:09:55.590737 2026] [authz_core:error] [pid 3560:tid 1148] [client 40.77.167.41:52451] AH01630: client denied by server configuration: C:/laragon/www/prensa/wp-includes/revisions.php
[Wed Jan 28 22:23:31.805712 2026] [authz_core:error] [pid 3560:tid 740] [client 52.167.144.136:18502] AH01630: client denied by server configuration: C:/laragon/www/prensa/wp-includes/revisions.php
[Wed Jan 28 22:29:38.672858 2026] [authz_core:error] [pid 3560:tid 740] [client 52.167.144.157:47196] AH01630: client denied by server configuration: C:/laragon/www/prensa/wp-includes/revisions.php
[Wed Jan 28 22:31:56.531179 2026] [php:error] [pid 3560:tid 740] [client 34.13.170.56:59870] script 'C:/laragon/www/gaceta.php' not found or unable to stat
[Wed Jan 28 22:38:29.814021 2026] [authz_core:error] [pid 3560:tid 832] [client 40.77.167.62:13789] AH01630: client denied by server configuration: C:/laragon/www/prensa/wp-includes/revisions.php
[Wed Jan 28 22:54:14.405166 2026] [authz_core:error] [pid 3560:tid 1088] [client 52.167.144.211:35630] AH01630: client denied by server configuration: C:/laragon/www/prensa/wp-includes/revisions.php
[Wed Jan 28 23:01:40.269426 2026] [authz_core:error] [pid 3560:tid 792] [client 40.77.167.61:58434] AH01630: client denied by server configuration: C:/laragon/www/prensa/wp-includes/revisions.php
[Wed Jan 28 23:10:05.869701 2026] [authz_core:error] [pid 3560:tid 1076] [client 52.167.144.172:56674] AH01630: client denied by server configuration: C:/laragon/www/prensa/wp-includes/revisions.php
[Wed Jan 28 23:33:22.448666 2026] [authz_core:error] [pid 3560:tid 1148] [client 40.77.167.70:7057] AH01630: client denied by server configuration: C:/laragon/www/prensa/wp-includes/revisions.php
[Wed Jan 28 23:50:15.883056 2026] [authz_core:error] [pid 3560:tid 1152] [client 40.77.167.30:23312] AH01630: client denied by server configuration: C:/laragon/www/prensa/wp-includes/revisions.php
[Wed Jan 28 23:51:25.148079 2026] [authz_core:error] [pid 3560:tid 1088] [client 52.167.144.192:44636] AH01630: client denied by server configuration: C:/laragon/www/prensa/wp-includes/revisions.php
[Thu Jan 29 00:00:09.665760 2026] [php:error] [pid 3560:tid 1136] [client 178.20.210.148:60064] script 'C:/laragon/www/wp-login.php' not found or unable to stat, referer: https://www.google.com
[Thu Jan 29 00:00:16.757872 2026] [php:error] [pid 3560:tid 1136] [client 178.20.210.148:44162] script 'C:/laragon/www/wp-login.php' not found or unable to stat, referer: https://www.google.com
[Thu Jan 29 00:20:10.431275 2026] [php:error] [pid 3560:tid 696] [client 65.49.1.182:21762] script 'C:/laragon/www/info.php' not found or unable to stat
[Thu Jan 29 00:20:18.819911 2026] [php:error] [pid 3560:tid 696] [client 65.49.1.182:7494] script 'C:/laragon/www/phpinfo.php' not found or unable to stat
[Thu Jan 29 00:32:58.673092 2026] [authz_core:error] [pid 3560:tid 1140] [client 40.77.167.62:18074] AH01630: client denied by server configuration: C:/laragon/www/prensa/wp-includes/revisions.php
[Thu Jan 29 00:39:35.658217 2026] [authz_core:error] [pid 3560:tid 724] [client 40.77.167.42:64617] AH01630: client denied by server configuration: C:/laragon/www/prensa/wp-includes/revisions.php
[Thu Jan 29 00:41:39.582298 2026] [authz_core:error] [pid 3560:tid 724] [client 52.167.144.216:40131] AH01630: client denied by server configuration: C:/laragon/www/prensa/wp-includes/revisions.php
[Thu Jan 29 00:59:49.483133 2026] [authz_core:error] [pid 3560:tid 1112] [client 40.77.167.28:41580] AH01630: client denied by server configuration: C:/laragon/www/prensa/wp-includes/revisions.php
[Thu Jan 29 01:06:51.837288 2026] [authz_core:error] [pid 3560:tid 1140] [client 40.77.167.47:41835] AH01630: client denied by server configuration: C:/laragon/www/prensa/wp-includes/revisions.php
[Thu Jan 29 01:11:52.516838 2026] [authz_core:error] [pid 3560:tid 696] [client 52.167.144.142:41134] AH01630: client denied by server configuration: C:/laragon/www/prensa/wp-includes/revisions.php
[Thu Jan 29 01:26:59.554272 2026] [php:error] [pid 3560:tid 1152] [client 34.90.81.35:40414] script 'C:/laragon/www/gaceta.php' not found or unable to stat
[Thu Jan 29 01:31:31.709222 2026] [authz_core:error] [pid 3560:tid 980] [client 45.156.128.108:47381] AH01630: client denied by server configuration: C:/laragon/www/prensa/wp-content/plugins/akismet/readme.txt
[Thu Jan 29 01:39:42.812921 2026] [authz_core:error] [pid 3560:tid 1164] [client 40.77.167.70:7100] AH01630: client denied by server configuration: C:/laragon/www/prensa/wp-includes/revisions.php
[Thu Jan 29 02:00:45.423284 2026] [authz_core:error] [pid 3560:tid 764] [client 52.167.144.204:1038] AH01630: client denied by server configuration: C:/laragon/www/prensa/wp-includes/revisions.php
[Thu Jan 29 02:13:08.842818 2026] [php:error] [pid 3560:tid 724] [client 45.157.54.58:57084] script 'C:/laragon/www/xmlrpc.php' not found or unable to stat
[Thu Jan 29 02:20:46.766754 2026] [authz_core:error] [pid 3560:tid 724] [client 52.167.144.173:22658] AH01630: client denied by server configuration: C:/laragon/www/prensa/wp-includes/revisions.php
[Thu Jan 29 03:04:57.067562 2026] [core:error] [pid 3560:tid 1008] [client 150.241.64.144:40736] AH10244: invalid URI path (/cgi-bin/.%2e/.%2e/.%2e/.%2e/.%2e/.%2e/.%2e/.%2e/.%2e/.%2e/bin/sh)
[Thu Jan 29 03:04:58.614073 2026] [core:error] [pid 3560:tid 716] [client 150.241.64.144:43548] AH10244: invalid URI path (/cgi-bin/%%32%65%%32%65/%%32%65%%32%65/%%32%65%%32%65/%%32%65%%32%65/%%32%65%%32%65/%%32%65%%32%65/%%32%65%%32%65/bin/sh)
[Thu Jan 29 03:08:10.740923 2026] [authz_core:error] [pid 3560:tid 1164] [client 52.167.144.232:13743] AH01630: client denied by server configuration: C:/laragon/www/prensa/wp-includes/revisions.php
[Thu Jan 29 03:11:46.237310 2026] [php:error] [pid 3560:tid 1164] [client 34.147.85.36:38854] script 'C:/laragon/www/gaceta.php' not found or unable to stat
[Thu Jan 29 03:15:33.512164 2026] [authz_core:error] [pid 3560:tid 1012] [client 52.167.144.232:13304] AH01630: client denied by server configuration: C:/laragon/www/prensa/wp-includes/revisions.php
[Thu Jan 29 03:23:16.060018 2026] [authz_core:error] [pid 3560:tid 724] [client 40.77.167.7:52183] AH01630: client denied by server configuration: C:/laragon/www/prensa/wp-includes/revisions.php
[Thu Jan 29 03:26:07.410490 2026] [authz_core:error] [pid 3560:tid 724] [client 40.77.167.7:50796] AH01630: client denied by server configuration: C:/laragon/www/prensa/wp-includes/revisions.php
[Thu Jan 29 03:34:23.856642 2026] [authz_core:error] [pid 3560:tid 1012] [client 40.77.167.26:8152] AH01630: client denied by server configuration: C:/laragon/www/prensa/wp-includes/revisions.php
[Thu Jan 29 03:48:30.939399 2026] [cgi:error] [pid 3560:tid 1012] [client 91.224.92.115:47044] AH02811: script not found or unable to stat: C:/laragon/bin/apache/httpd-2.4.54-win64-VS16/cgi-bin/luci
[Thu Jan 29 03:49:19.599874 2026] [authz_core:error] [pid 3560:tid 1164] [client 52.167.144.221:40106] AH01630: client denied by server configuration: C:/laragon/www/prensa/wp-includes/revisions.php
[Thu Jan 29 04:03:59.503024 2026] [authz_core:error] [pid 3560:tid 1008] [client 40.77.167.65:15316] AH01630: client denied by server configuration: C:/laragon/www/prensa/wp-includes/revisions.php
[Thu Jan 29 04:07:51.120645 2026] [php:error] [pid 3560:tid 1008] [client 103.48.101.227:1539] script 'C:/laragon/www/xmlrpc.php' not found or unable to stat
[Thu Jan 29 04:08:03.133458 2026] [php:error] [pid 3560:tid 820] [client 34.13.217.188:43928] script 'C:/laragon/www/gaceta.php' not found or unable to stat
[Thu Jan 29 04:17:05.568845 2026] [authz_core:error] [pid 3560:tid 764] [client 52.167.144.198:30280] AH01630: client denied by server configuration: C:/laragon/www/prensa/wp-includes/revisions.php
[Thu Jan 29 04:43:22.136906 2026] [authz_core:error] [pid 3560:tid 716] [client 52.167.144.158:59936] AH01630: client denied by server configuration: C:/laragon/www/prensa/wp-includes/revisions.php
[Thu Jan 29 04:48:05.086182 2026] [php:error] [pid 3560:tid 1008] [client 35.204.13.0:50468] script 'C:/laragon/www/gaceta.php' not found or unable to stat
[Thu Jan 29 04:55:57.662980 2026] [authz_core:error] [pid 3560:tid 1008] [client 40.77.167.53:59076] AH01630: client denied by server configuration: C:/laragon/www/prensa/wp-includes/revisions.php
[Thu Jan 29 04:56:44.839409 2026] [authz_core:error] [pid 3560:tid 764] [client 52.167.144.159:9819] AH01630: client denied by server configuration: C:/laragon/www/prensa/wp-includes/revisions.php
[Thu Jan 29 05:34:50.975524 2026] [authz_core:error] [pid 3560:tid 708] [client 40.77.167.25:34443] AH01630: client denied by server configuration: C:/laragon/www/prensa/wp-includes/revisions.php
[Thu Jan 29 05:36:19.501676 2026] [php:error] [pid 3560:tid 820] [client 40.77.167.136:60273] script 'C:/laragon/www/subalcaldia.php' not found or unable to stat
[Thu Jan 29 05:37:02.054205 2026] [authz_core:error] [pid 3560:tid 1008] [client 40.77.167.25:38632] AH01630: client denied by server configuration: C:/laragon/www/prensa/wp-includes/revisions.php
[Thu Jan 29 05:45:39.089293 2026] [php:error] [pid 3560:tid 716] [client 220.181.108.147:11715] script 'C:/laragon/www/subalcaldia_10.php' not found or unable to stat
[Thu Jan 29 05:45:51.617624 2026] [php:error] [pid 3560:tid 764] [client 116.179.37.72:3277] script 'C:/laragon/www/subalcaldia_10.php' not found or unable to stat
[Thu Jan 29 05:53:09.171326 2026] [php:error] [pid 3560:tid 764] [client 34.6.38.138:51526] script 'C:/laragon/www/leyes-municipales.php' not found or unable to stat
[Thu Jan 29 05:59:22.458853 2026] [authz_core:error] [pid 3560:tid 716] [client 4.213.174.69:14655] AH01630: client denied by server configuration: C:/laragon/www/prensa/wp-includes/link.php
[Thu Jan 29 06:00:40.471823 2026] [authz_core:error] [pid 3560:tid 1072] [client 52.167.144.20:34147] AH01630: client denied by server configuration: C:/laragon/www/prensa/wp-includes/revisions.php
[Thu Jan 29 06:02:29.508742 2026] [authz_core:error] [pid 3560:tid 716] [client 4.213.174.69:14655] AH01630: client denied by server configuration: C:/laragon/www/prensa/wp-includes/ID3/about.php
[Thu Jan 29 06:25:22.671349 2026] [authz_core:error] [pid 3560:tid 1136] [client 52.167.144.206:49081] AH01630: client denied by server configuration: C:/laragon/www/prensa/wp-includes/revisions.php
[Thu Jan 29 06:30:33.020496 2026] [authz_core:error] [pid 3560:tid 1152] [client 40.77.167.13:55924] AH01630: client denied by server configuration: C:/laragon/www/prensa/wp-includes/revisions.php
[Thu Jan 29 06:33:45.506616 2026] [authz_core:error] [pid 3560:tid 1152] [client 52.167.144.206:49084] AH01630: client denied by server configuration: C:/laragon/www/prensa/wp-includes/revisions.php
[Thu Jan 29 06:51:42.004391 2026] [php:error] [pid 3560:tid 1048] [client 154.86.114.234:55102] script 'C:/laragon/www/wp-login.php' not found or unable to stat
[Thu Jan 29 06:51:42.832284 2026] [php:error] [pid 3560:tid 1048] [client 156.239.202.27:15786] script 'C:/laragon/www/wp-login.php' not found or unable to stat
[Thu Jan 29 06:51:43.597766 2026] [php:error] [pid 3560:tid 680] [client 154.222.132.215:22034] script 'C:/laragon/www/wp-login.php' not found or unable to stat
[Thu Jan 29 06:55:39.370629 2026] [php:error] [pid 3560:tid 1152] [client 62.164.177.240:32822] script 'C:/laragon/www/xmlrpc.php' not found or unable to stat
[Thu Jan 29 07:07:17.050878 2026] [authz_core:error] [pid 3560:tid 1076] [client 52.167.144.194:36618] AH01630: client denied by server configuration: C:/laragon/www/prensa/wp-includes/revisions.php
[Thu Jan 29 07:28:08.929388 2026] [authz_core:error] [pid 3560:tid 1048] [client 52.167.144.194:36612] AH01630: client denied by server configuration: C:/laragon/www/prensa/wp-includes/revisions.php
[Thu Jan 29 07:34:35.323218 2026] [authz_core:error] [pid 3560:tid 696] [client 52.167.144.173:19874] AH01630: client denied by server configuration: C:/laragon/www/prensa/wp-includes/revisions.php
[Thu Jan 29 07:46:34.920222 2026] [authz_core:error] [pid 3560:tid 1048] [client 52.167.144.232:12979] AH01630: client denied by server configuration: C:/laragon/www/prensa/wp-includes/revisions.php
[Thu Jan 29 07:48:35.110794 2026] [core:error] [pid 3560:tid 980] (20025)The given path contained wildcard characters: [client 74.7.229.8:36850] AH00036: access to /news.html?category=Secretarias failed (filesystem path 'C:/laragon/www/news.html?category=Secretarias')
[Thu Jan 29 07:48:37.953880 2026] [core:error] [pid 3560:tid 696] (20025)The given path contained wildcard characters: [client 74.7.243.60:47836] AH00036: access to /news.html?category=Secretaria%20Municipal%20de%20Administracion%20y%20Finanzas failed (filesystem path 'C:/laragon/www/news.html?category=Secretaria%20Municipal%20de%20Administracion%20y%20Finanzas')
[Thu Jan 29 08:11:01.982667 2026] [authz_core:error] [pid 3560:tid 696] [client 52.167.144.221:43590] AH01630: client denied by server configuration: C:/laragon/www/prensa/wp-includes/revisions.php
[Thu Jan 29 08:25:55.476390 2026] [authz_core:error] [pid 3560:tid 1032] [client 52.167.144.210:3174] AH01630: client denied by server configuration: C:/laragon/www/prensa/wp-includes/revisions.php
[Thu Jan 29 08:28:46.248905 2026] [php:error] [pid 3560:tid 980] [client 189.28.92.12:35694] script 'C:/laragon/www/content/horse2/fetch_data.php' not found or unable to stat, referer: https://quillacollo.gob.bo/content/horse2/about.html
[Thu Jan 29 08:29:54.685979 2026] [php:error] [pid 3560:tid 1032] [client 189.28.92.12:35661] script 'C:/laragon/www/content/horse2/fetch_data.php' not found or unable to stat, referer: https://quillacollo.gob.bo/content/horse2/about.html
[Thu Jan 29 08:30:34.723473 2026] [php:error] [pid 3560:tid 1112] [client 189.28.92.12:49927] script 'C:/laragon/www/content/horse2/fetch_data.php' not found or unable to stat, referer: https://quillacollo.gob.bo/content/horse2/about.html
[Thu Jan 29 08:38:13.178515 2026] [php:error] [pid 3560:tid 668] [client 189.28.92.12:49928] script 'C:/laragon/www/content/horse2/fetch_data.php' not found or unable to stat, referer: https://quillacollo.gob.bo/content/horse2/about.html
[Thu Jan 29 08:44:48.242211 2026] [authz_core:error] [pid 3560:tid 1152] [client 40.77.167.67:6957] AH01630: client denied by server configuration: C:/laragon/www/prensa/wp-includes/revisions.php
[Thu Jan 29 08:45:26.452010 2026] [authz_core:error] [pid 3560:tid 1164] [client 52.167.144.170:17676] AH01630: client denied by server configuration: C:/laragon/www/prensa/wp-includes/revisions.php
[Thu Jan 29 08:54:42.306120 2026] [authz_core:error] [pid 3560:tid 1148] [client 40.77.167.5:10651] AH01630: client denied by server configuration: C:/laragon/www/prensa/wp-includes/revisions.php
[Thu Jan 29 09:12:09.966860 2026] [php:error] [pid 3560:tid 1148] [client 116.179.32.107:58187] script 'C:/laragon/www/resoluciones-municipales.php' not found or unable to stat
[Thu Jan 29 09:12:11.810186 2026] [php:error] [pid 3560:tid 1148] [client 116.179.37.208:7524] script 'C:/laragon/www/resoluciones-municipales.php' not found or unable to stat
[Thu Jan 29 09:22:35.226588 2026] [authz_core:error] [pid 3560:tid 832] [client 40.77.167.30:20179] AH01630: client denied by server configuration: C:/laragon/www/prensa/wp-includes/revisions.php
[Thu Jan 29 09:33:06.922306 2026] [php:error] [pid 3560:tid 1140] [client 200.105.133.32:53488] script 'C:/laragon/www/unidades/fetch_data.php' not found or unable to stat, referer: http://www.quillacollo.gob.bo/unidades/index-Agricola.html
[Thu Jan 29 09:34:29.840374 2026] [authz_core:error] [pid 3560:tid 1036] [client 207.46.13.154:25058] AH01630: client denied by server configuration: C:/laragon/www/prensa/wp-includes/revisions.php
[Thu Jan 29 09:45:47.681534 2026] [authz_core:error] [pid 3560:tid 1012] [client 52.167.144.25:60570] AH01630: client denied by server configuration: C:/laragon/www/prensa/wp-includes/revisions.php
[Thu Jan 29 09:49:40.845642 2026] [authz_core:error] [pid 3560:tid 1116] [client 157.55.39.52:10975] AH01630: client denied by server configuration: C:/laragon/www/prensa/wp-includes/revisions.php
[Thu Jan 29 09:52:32.586651 2026] [php:error] [pid 3560:tid 1140] [client 200.105.133.32:56054] script 'C:/laragon/www/unidades/fetch_data.php' not found or unable to stat, referer: http://www.quillacollo.gob.bo/unidades/index-Agricola.html
[Thu Jan 29 09:54:54.943886 2026] [php:error] [pid 3560:tid 696] [client 181.115.236.166:49623] script 'C:/laragon/www/unidades/fetch_data.php' not found or unable to stat, referer: http://www.quillacollo.gob.bo/unidades/index-zoonosis.html
[Thu Jan 29 09:55:08.596937 2026] [authz_core:error] [pid 3560:tid 708] [client 52.167.144.156:1884] AH01630: client denied by server configuration: C:/laragon/www/prensa/wp-includes/revisions.php
[Thu Jan 29 09:55:32.247672 2026] [php:error] [pid 3560:tid 1036] [client 181.115.236.166:49650] script 'C:/laragon/www/content/horse2/fetch_data.php' not found or unable to stat, referer: http://www.quillacollo.gob.bo/content/horse2/about.html
[Thu Jan 29 09:55:38.855480 2026] [php:error] [pid 3560:tid 1036] [client 181.115.236.166:49656] script 'C:/laragon/www/unidades/fetch_data.php' not found or unable to stat, referer: http://www.quillacollo.gob.bo/unidades/index-Zoonosis.html
[Thu Jan 29 09:56:29.609223 2026] [php:error] [pid 3560:tid 1048] [client 181.115.236.166:49746] script 'C:/laragon/www/unidades/fetch_data.php' not found or unable to stat, referer: http://www.quillacollo.gob.bo/unidades/index-Pecuaria.html
[Thu Jan 29 10:01:13.074048 2026] [php:error] [pid 3560:tid 980] [client 40.115.138.121:12633] script 'C:/laragon/www/wp-trackback.php' not found or unable to stat
[Thu Jan 29 10:01:13.370858 2026] [php:error] [pid 3560:tid 980] [client 40.115.138.121:12633] script 'C:/laragon/www/about.php' not found or unable to stat
[Thu Jan 29 10:01:13.667659 2026] [php:error] [pid 3560:tid 980] [client 40.115.138.121:12633] script 'C:/laragon/www/term.php' not found or unable to stat
[Thu Jan 29 10:01:13.964463 2026] [php:error] [pid 3560:tid 980] [client 40.115.138.121:12633] script 'C:/laragon/www/wp-good.php' not found or unable to stat
[Thu Jan 29 10:01:14.261269 2026] [php:error] [pid 3560:tid 980] [client 40.115.138.121:12633] script 'C:/laragon/www/xmlrpc.php' not found or unable to stat
[Thu Jan 29 10:01:14.558079 2026] [php:error] [pid 3560:tid 980] [client 40.115.138.121:12633] script 'C:/laragon/www/goods.php' not found or unable to stat
[Thu Jan 29 10:01:14.854884 2026] [php:error] [pid 3560:tid 980] [client 40.115.138.121:12633] script 'C:/laragon/www/ioxi-o.php' not found or unable to stat
[Thu Jan 29 10:01:15.151684 2026] [php:error] [pid 3560:tid 980] [client 40.115.138.121:12633] script 'C:/laragon/www/class-t.api.php' not found or unable to stat
[Thu Jan 29 10:01:15.448490 2026] [php:error] [pid 3560:tid 980] [client 40.115.138.121:12633] script 'C:/laragon/www/admin.php' not found or unable to stat
[Thu Jan 29 10:01:17.510506 2026] [php:error] [pid 3560:tid 980] [client 40.115.138.121:12633] script 'C:/laragon/www/adminfuns.php' not found or unable to stat
[Thu Jan 29 10:03:42.398430 2026] [core:error] [pid 3560:tid 980] [client 45.94.31.76:41192] AH10244: invalid URI path (/cgi-bin/.%2e/.%2e/.%2e/.%2e/.%2e/.%2e/.%2e/.%2e/.%2e/.%2e/bin/sh)
[Thu Jan 29 10:03:42.882691 2026] [core:error] [pid 3560:tid 980] [client 45.94.31.76:41204] AH10244: invalid URI path (/cgi-bin/%%32%65%%32%65/%%32%65%%32%65/%%32%65%%32%65/%%32%65%%32%65/%%32%65%%32%65/%%32%65%%32%65/%%32%65%%32%65/bin/sh)
[Thu Jan 29 10:03:53.270881 2026] [php:error] [pid 3560:tid 980] [client 45.94.31.76:41218] script 'C:/laragon/www/index.php' not found or unable to stat
[Thu Jan 29 10:03:53.723914 2026] [php:error] [pid 3560:tid 980] [client 45.94.31.76:41218] script 'C:/laragon/www/index.php' not found or unable to stat
[Thu Jan 29 10:03:53.958226 2026] [php:error] [pid 3560:tid 980] [client 45.94.31.76:41218] script 'C:/laragon/www/index.php' not found or unable to stat
[Thu Jan 29 10:10:02.887371 2026] [php:error] [pid 3560:tid 1048] [client 131.0.196.57:28888] script 'C:/laragon/www/unidades/fetch_data.php' not found or unable to stat, referer: http://www.quillacollo.gob.bo/unidades/index-agricola.html
[Thu Jan 29 10:21:11.964987 2026] [core:error] [pid 3560:tid 1112] (20025)The given path contained wildcard characters: [client 23.98.142.183:61716] AH00036: access to /?pid=29323629241&channel=breast-offensive-T-shirt&cate_id=5530&page=http:/prensa.quillacollo.gob.bo/post.cgi?141039182 failed (filesystem path 'C:/laragon/www/prensa/?pid=29323629241&channel=breast-offensive-T-shirt&cate_id=5530&page=http:')
[Thu Jan 29 10:48:13.725560 2026] [authz_core:error] [pid 3560:tid 1076] [client 52.167.144.206:49057] AH01630: client denied by server configuration: C:/laragon/www/prensa/wp-includes/revisions.php
[Thu Jan 29 11:08:20.645855 2026] [authz_core:error] [pid 3560:tid 1048] [client 40.77.167.58:52122] AH01630: client denied by server configuration: C:/laragon/www/prensa/wp-includes/revisions.php
[Thu Jan 29 11:12:33.664682 2026] [core:error] [pid 3560:tid 696] (20024)The given path is misformatted or contained invalid characters: [client 66.249.72.237:37982] AH00127: Cannot map GET /%3Cbr%20/%3E%3Cb%3EWarning%3C/b%3E:%20%20Undefined%20array%20key%200%20in%20%3Cb%3EC:/laragon/www/sidebar.php%3C/b%3E%20on%20line%20%3Cb%3E171%3C/b%3E%3Cbr%20/%3E%3Cbr%20/%3E%3Cb%3EWarning%3C/b%3E:%20%20Trying%20to%20access%20array%20offset%20on%20value%20of%20type%20null%20in%20%3Cb%3EC:/laragon/www/sidebar.php%3C/b%3E%20on%20line%20%3Cb%3E171%3C/b%3E%3Cbr%20/%3E HTTP/1.1 to file
[Thu Jan 29 11:14:17.499703 2026] [cgi:error] [pid 3560:tid 1048] [client 89.42.231.200:51294] AH02811: script not found or unable to stat: C:/laragon/bin/apache/httpd-2.4.54-win64-VS16/cgi-bin/luci
[Thu Jan 29 11:22:05.124519 2026] [cgi:error] [pid 3560:tid 1164] [client 89.42.231.200:39812] AH02811: script not found or unable to stat: C:/laragon/bin/apache/httpd-2.4.54-win64-VS16/cgi-bin/luci
[Thu Jan 29 12:07:13.474235 2026] [authz_core:error] [pid 3560:tid 1036] [client 52.167.144.188:25934] AH01630: client denied by server configuration: C:/laragon/www/prensa/wp-includes/revisions.php
[Thu Jan 29 12:19:26.224380 2026] [cgi:error] [pid 3560:tid 724] [client 89.42.231.200:38778] AH02811: script not found or unable to stat: C:/laragon/bin/apache/httpd-2.4.54-win64-VS16/cgi-bin/luci
[Thu Jan 29 12:22:54.331840 2026] [authz_core:error] [pid 3560:tid 1036] [client 207.46.13.54:56619] AH01630: client denied by server configuration: C:/laragon/www/prensa/wp-includes/revisions.php
[Thu Jan 29 12:23:15.717453 2026] [authz_core:error] [pid 3560:tid 668] [client 207.46.13.54:56589] AH01630: client denied by server configuration: C:/laragon/www/prensa/wp-includes/revisions.php
[Thu Jan 29 12:35:06.613395 2026] [authz_core:error] [pid 3560:tid 1072] [client 207.46.13.116:34176] AH01630: client denied by server configuration: C:/laragon/www/prensa/wp-includes/revisions.php
[Thu Jan 29 12:35:11.252922 2026] [authz_core:error] [pid 3560:tid 716] [client 40.77.167.230:38966] AH01630: client denied by server configuration: C:/laragon/www/prensa/wp-includes/revisions.php
[Thu Jan 29 12:53:36.431432 2026] [authz_core:error] [pid 3560:tid 832] [client 52.167.144.173:64886] AH01630: client denied by server configuration: C:/laragon/www/prensa/wp-includes/revisions.php
[Thu Jan 29 12:57:56.495487 2026] [cgi:error] [pid 3560:tid 764] [client 89.42.231.200:48568] AH02811: script not found or unable to stat: C:/laragon/bin/apache/httpd-2.4.54-win64-VS16/cgi-bin/luci
[Thu Jan 29 13:14:10.767153 2026] [authz_core:error] [pid 3560:tid 716] [client 157.55.39.62:33207] AH01630: client denied by server configuration: C:/laragon/www/prensa/wp-includes/revisions.php
[Thu Jan 29 13:26:04.068777 2026] [php:error] [pid 3560:tid 1116] [client 181.115.167.187:14285] script 'C:/laragon/www/unidades/fetch_data.php' not found or unable to stat, referer: http://www.quillacollo.gob.bo/unidades/index-zoonosis.html
[Thu Jan 29 13:52:26.541690 2026] [cgi:error] [pid 3560:tid 1140] [client 89.42.231.200:55510] AH02811: script not found or unable to stat: C:/laragon/bin/apache/httpd-2.4.54-win64-VS16/cgi-bin/luci
[Thu Jan 29 14:23:47.319698 2026] [php:error] [pid 3560:tid 932] [client 34.13.230.17:48372] script 'C:/laragon/www/leyes-municipales.php' not found or unable to stat
[Thu Jan 29 14:29:58.154670 2026] [authz_core:error] [pid 3560:tid 1160] [client 207.46.13.168:15694] AH01630: client denied by server configuration: C:/laragon/www/prensa/wp-includes/revisions.php
[Thu Jan 29 14:46:22.069953 2026] [php:error] [pid 3560:tid 876] [client 34.7.43.62:53924] script 'C:/laragon/www/gaceta.php' not found or unable to stat
[Thu Jan 29 14:48:08.341929 2026] [authz_core:error] [pid 3560:tid 1160] [client 40.77.167.30:21437] AH01630: client denied by server configuration: C:/laragon/www/prensa/wp-includes/revisions.php
[Thu Jan 29 14:48:28.946475 2026] [php:error] [pid 3560:tid 1160] [client 78.142.18.43:53409] script 'C:/laragon/www/wp-login.php' not found or unable to stat
[Thu Jan 29 14:48:29.602545 2026] [php:error] [pid 3560:tid 716] [client 78.142.18.43:54662] script 'C:/laragon/www/wp-login.php' not found or unable to stat, referer: https://www.bing.com/
[Thu Jan 29 15:04:12.990885 2026] [authz_core:error] [pid 3560:tid 716] [client 40.77.167.1:6743] AH01630: client denied by server configuration: C:/laragon/www/prensa/wp-includes/revisions.php
[Thu Jan 29 15:06:03.683680 2026] [authz_core:error] [pid 3560:tid 764] [client 40.77.167.1:8050] AH01630: client denied by server configuration: C:/laragon/www/prensa/wp-includes/revisions.php
[Thu Jan 29 15:12:54.868572 2026] [cgi:error] [pid 3560:tid 764] [client 89.42.231.200:44834] AH02811: script not found or unable to stat: C:/laragon/bin/apache/httpd-2.4.54-win64-VS16/cgi-bin/luci
[Thu Jan 29 15:23:07.693713 2026] [php:error] [pid 3560:tid 740] [client 52.175.57.167:22364] script 'C:/laragon/www/baidu.php' not found or unable to stat
[Thu Jan 29 15:23:08.053002 2026] [php:error] [pid 3560:tid 740] [client 52.175.57.167:22364] script 'C:/laragon/www/xfile25.php' not found or unable to stat
[Thu Jan 29 15:23:08.396672 2026] [php:error] [pid 3560:tid 740] [client 52.175.57.167:22364] script 'C:/laragon/www/zi-136.php' not found or unable to stat
[Thu Jan 29 15:23:08.740354 2026] [php:error] [pid 3560:tid 740] [client 52.175.57.167:22364] script 'C:/laragon/www/aurax.php' not found or unable to stat
[Thu Jan 29 15:23:09.099635 2026] [php:error] [pid 3560:tid 740] [client 52.175.57.167:22364] script 'C:/laragon/www/xmff.php' not found or unable to stat
[Thu Jan 29 15:23:09.458925 2026] [php:error] [pid 3560:tid 740] [client 52.175.57.167:22364] script 'C:/laragon/www/tourpa.php' not found or unable to stat
[Thu Jan 29 15:23:09.802593 2026] [php:error] [pid 3560:tid 740] [client 52.175.57.167:22364] script 'C:/laragon/www/zs.php' not found or unable to stat
[Thu Jan 29 15:23:10.161884 2026] [php:error] [pid 3560:tid 740] [client 52.175.57.167:22364] script 'C:/laragon/www/save.php' not found or unable to stat
[Thu Jan 29 15:23:10.521174 2026] [php:error] [pid 3560:tid 740] [client 52.175.57.167:22364] script 'C:/laragon/www/X5fCS.php' not found or unable to stat
[Thu Jan 29 15:23:11.005436 2026] [php:error] [pid 3560:tid 740] [client 52.175.57.167:22364] script 'C:/laragon/www/jsond.php' not found or unable to stat
[Thu Jan 29 15:23:11.349108 2026] [php:error] [pid 3560:tid 740] [client 52.175.57.167:22364] script 'C:/laragon/www/aa2.php' not found or unable to stat
[Thu Jan 29 15:23:11.708399 2026] [php:error] [pid 3560:tid 740] [client 52.175.57.167:22364] script 'C:/laragon/www/reze.php' not found or unable to stat
[Thu Jan 29 15:23:12.052068 2026] [php:error] [pid 3560:tid 740] [client 52.175.57.167:22364] script 'C:/laragon/www/ph33w.php' not found or unable to stat
[Thu Jan 29 15:23:12.411372 2026] [php:error] [pid 3560:tid 740] [client 52.175.57.167:22364] script 'C:/laragon/www/styll.php' not found or unable to stat
[Thu Jan 29 15:23:12.755026 2026] [php:error] [pid 3560:tid 740] [client 52.175.57.167:22364] script 'C:/laragon/www/it.php' not found or unable to stat
[Thu Jan 29 15:23:13.098696 2026] [php:error] [pid 3560:tid 740] [client 52.175.57.167:22364] script 'C:/laragon/www/wwx.php' not found or unable to stat
[Thu Jan 29 15:23:13.442372 2026] [php:error] [pid 3560:tid 740] [client 52.175.57.167:22364] script 'C:/laragon/www/x7.php' not found or unable to stat
[Thu Jan 29 15:23:13.801669 2026] [php:error] [pid 3560:tid 740] [client 52.175.57.167:22364] script 'C:/laragon/www/413.php' not found or unable to stat
[Thu Jan 29 15:23:14.145326 2026] [php:error] [pid 3560:tid 740] [client 52.175.57.167:22364] script 'C:/laragon/www/1a.php' not found or unable to stat
[Thu Jan 29 15:23:14.504615 2026] [php:error] [pid 3560:tid 740] [client 52.175.57.167:22364] script 'C:/laragon/www/z9v.php' not found or unable to stat
[Thu Jan 29 15:23:14.848285 2026] [php:error] [pid 3560:tid 740] [client 52.175.57.167:22364] script 'C:/laragon/www/thebe.php' not found or unable to stat
[Thu Jan 29 15:23:15.191956 2026] [php:error] [pid 3560:tid 740] [client 52.175.57.167:22364] script 'C:/laragon/www/ddd.php' not found or unable to stat
[Thu Jan 29 15:23:15.551258 2026] [php:error] [pid 3560:tid 740] [client 52.175.57.167:22364] script 'C:/laragon/www/ccs.php' not found or unable to stat
[Thu Jan 29 15:23:15.894917 2026] [php:error] [pid 3560:tid 740] [client 52.175.57.167:22364] script 'C:/laragon/www/sad5.php' not found or unable to stat
[Thu Jan 29 15:23:16.238585 2026] [php:error] [pid 3560:tid 740] [client 52.175.57.167:22364] script 'C:/laragon/www/xvde.php' not found or unable to stat
[Thu Jan 29 15:23:16.941545 2026] [php:error] [pid 3560:tid 740] [client 52.175.57.167:22364] script 'C:/laragon/www/f355.php' not found or unable to stat
[Thu Jan 29 15:23:17.285214 2026] [php:error] [pid 3560:tid 740] [client 52.175.57.167:22364] script 'C:/laragon/www/bgymj.php' not found or unable to stat
[Thu Jan 29 15:23:17.644505 2026] [php:error] [pid 3560:tid 740] [client 52.175.57.167:22364] script 'C:/laragon/www/wp-mt.php' not found or unable to stat
[Thu Jan 29 15:23:18.003801 2026] [php:error] [pid 3560:tid 740] [client 52.175.57.167:22364] script 'C:/laragon/www/lala.php' not found or unable to stat
[Thu Jan 29 15:23:18.347464 2026] [php:error] [pid 3560:tid 740] [client 52.175.57.167:22364] script 'C:/laragon/www/3r.php' not found or unable to stat
[Thu Jan 29 15:23:19.050425 2026] [php:error] [pid 3560:tid 740] [client 52.175.57.167:22364] script 'C:/laragon/www/8xyz.php' not found or unable to stat
[Thu Jan 29 15:23:19.394095 2026] [php:error] [pid 3560:tid 740] [client 52.175.57.167:22364] script 'C:/laragon/www/la.php' not found or unable to stat
[Thu Jan 29 15:23:19.753385 2026] [php:error] [pid 3560:tid 740] [client 52.175.57.167:22364] script 'C:/laragon/www/ioxi.php' not found or unable to stat
[Thu Jan 29 15:23:20.112679 2026] [php:error] [pid 3560:tid 740] [client 52.175.57.167:22364] script 'C:/laragon/www/xpwer1.php' not found or unable to stat
[Thu Jan 29 15:23:20.659405 2026] [php:error] [pid 3560:tid 740] [client 52.175.57.167:22364] script 'C:/laragon/www/about.php' not found or unable to stat
[Thu Jan 29 15:23:21.346762 2026] [php:error] [pid 3560:tid 740] [client 52.175.57.167:22364] script 'C:/laragon/www/la.php' not found or unable to stat
[Thu Jan 29 15:23:21.690433 2026] [cgi:error] [pid 3560:tid 740] [client 52.175.57.167:22364] AH02811: script not found or unable to stat: C:/laragon/bin/apache/httpd-2.4.54-win64-VS16/cgi-bin/index.php
[Thu Jan 29 15:23:22.049723 2026] [php:error] [pid 3560:tid 740] [client 52.175.57.167:22364] script 'C:/laragon/www/admin.php' not found or unable to stat
[Thu Jan 29 15:23:22.737061 2026] [php:error] [pid 3560:tid 740] [client 52.175.57.167:22364] script 'C:/laragon/www/info.php' not found or unable to stat
[Thu Jan 29 15:23:23.080731 2026] [php:error] [pid 3560:tid 740] [client 52.175.57.167:22364] script 'C:/laragon/www/about.php' not found or unable to stat
